-2*g = 2*g + i + 26, -5*i - 16 = g. Calculate the remainder when g/p + -1 + 414/10 is divided by 15.
11
Suppose -76 - 19 = -5*l. Let w = 0 + l. What is the remainder when (1 - 26/12)/(2/(-60)) is divided by w?
16
Let s = -58 + -55. Let u = s + 153. Calculate the remainder when 114 is divided by u.
34
Suppose -4*j - 1804 = -13*c + 9*c, 466 = c + 2*j. What is the remainder when c is divided by 439?
17
Suppose 3*i + 4*j + 4 = -6, -16 = -2*i + 3*j. Let p be 2158/1 + i + -3 - -3. Calculate the remainder when 54 is divided by (-4)/34 - p/(-153).
12
Suppose -4*z = -2*x - 72, 79 = 3*z + 3*x + 25. Calculate the remainder when 42 is divided by z.
6
Let q(s) = -2*s**2 + 15*s + 2. Let o be q(10). Let w = 4 + 7. Calculate the remainder when (o/300*5)/((-2)/105) is divided by w.
9
Let p = 28 - 32. Let z be (p/3 - 0)/(2/6). What is the remainder when 21 is divided by -3 + (z + 2)*-7?
10
Suppose 0 = -64*n - 8*n + 441 + 1935. What is the remainder when 3695 is divided by n?
32
Suppose 0 = 5*v + 13*v + 36. What is the remainder when v + (-32)/(-20) - 3619/(-35) is divided by 35?
33
Suppose 19 = o + 24*m - 27*m, 5*m = 4*o - 118. Calculate the remainder when 108 is divided by o.
34
Let i(l) = 6*l - 5. Let g be i(9). Let w = g + -28. Suppose -24*y - 1642 = -5602. What is the remainder when y is divided by w?
18
Suppose 4*n = -4*i + 48, 0 = -5*i - 2*n + n + 60. Let u(b) = 30 - i + 3 + b. What is the remainder when u(-12) is divided by 7?
2
Suppose h + 5*s - 317 = 0, 4*h + 320*s = 319*s + 1002. Calculate the remainder when h is divided by (4/(-3))/(6/(-387)).
75
What is the remainder when (2 + 87 - -1)/(18*15/3105) is divided by 209?
199
Let u(h) = -7*h + 113. Let k be u(16). What is the remainder when 15 is divided by (7/k)/1 + 5?
3
Let a = -773 + 778. Suppose a*s + 2*u - 118 = s, s - 17 = 2*u. What is the remainder when 126 is divided by s?
18
What is the remainder when (-4)/30 - (-268072)/840 is divided by 145?
29
Suppose -c = 78*d - 76*d - 44, d = 3. Suppose -2*u - 2*i = u + 40, -i + 4 = 0. Let r = 4 - u. What is the remainder when c is divided by r?
18
Suppose -5*p - 7 = -17. Calculate the remainder when 38 is divided by p*(273/6)/7.
12
Suppose 2*s - 20 = -24, -2*m - 4*s + 726 = 0. What is the remainder when m is divided by 8?
7
Let k(g) = -82*g + 312. Calculate the remainder when k(-1) is divided by 358.
36
Suppose -904*m + 811*m = -3255. Calculate the remainder when 2079 is divided by m.
14
Let s = -188 - -191. Suppose 24 = 2*t + n - 5*n, 0 = s*t + n - 8. Calculate the remainder when 35 is divided by t.
3
Let j(k) = 67*k**2 + 28*k + 79. What is the remainder when j(-3) is divided by 101?
93
Let u = -3185 - -3272. What is the remainder when 347 is divided by u?
86
Suppose l - 30 - 23 = 0. Let c be ((-216)/15)/2 + (-1)/(-5). What is the remainder when l is divided by (28/12)/((14/(-24))/c)?
25
Let u(p) = -p**3 + p**2 - 2*p - 10. Let q be u(-4). Suppose 5*g + 10 = 0, q = 4*r + 3*g - 72. Calculate the remainder when r is divided by 7.
4
Let v = -648 - -673. Suppose 5*w = 15 + 30. Calculate the remainder when v is divided by w.
7
Suppose 0 = 3*g - 15, 0 = -4*a + 103*g - 99*g + 744. Calculate the remainder when a is divided by 74.
43
Let r(q) be the third derivative of -q**5/30 - 5*q**4/24 + 5*q**3/3 + 6*q**2. Let z be r(5). Let u = -30 - z. What is the remainder when u is divided by 19?
16
Let k = -66 + 123. What is the remainder when k is divided by 40/(5*(78/(-30) + 3))?
17
Let y(m) = -m**2 + 63*m - 301. Calculate the remainder when y(52) is divided by 107.
57
Let d = 3755 + -3470. What is the remainder when d is divided by 42?
33
Suppose -b + 1019 = 2*m, -2*m = -32*b + 28*b + 4146. What is the remainder when 2086 is divided by b?
20
Suppose 0 = -611*u + 597*u - 5656. Let n = 708 + u. What is the remainder when n is divided by 61?
60
Suppose 5*s - 33 = 17. Suppose 3*f - 1437 + 1425 = 0. Calculate the remainder when s is divided by f.
2
Let h = 114 + -114. Suppose 34*j - 37 = -4*f + 33*j, -5*f + 2*j + 30 = h. What is the remainder when 31 is divided by f?
7
Let t = -251 - -1437. What is the remainder when t is divided by 199?
191
Let x(v) = v**2 + 22*v - 40. Let z be x(2). Suppose -z*g - 80 = -12*g + 4*h, g + h - 30 = 0. Calculate the remainder when 272 is divided by g.
22
Let u(q) = -q**2 - 3*q + 1. Let t be u(-4). Let i be ((-20)/t)/((-183)/36 - -5). Let l = i + 85. Calculate the remainder when 28 is divided by l.
3
Suppose 0 = -2*o - 201 + 63. Let q = o + 87. What is the remainder when 68 is divided by q?
14
Let a = 23470 + -23377. What is the remainder when 1483 is divided by a?
88
Let b = -11 + 16. Let t(q) = -8*q - 79. Let x be t(-11). Suppose 26 = x*k - 91. What is the remainder when k is divided by b?
3
Suppose -4*m - t = 8481, 5*t - 3*t + 2 = 0. Calculate the remainder when 20/(-110) + m/(-44) is divided by 19.
10
Let z = 103 + -37. Suppose 3*p - 3986 = -2*k, 0 = p + 2*k - 1204 - 122. Let a = -1201 + p. What is the remainder when a is divided by z?
63
Let n(u) = -10*u**2 + 171*u - 13. What is the remainder when 992 is divided by n(16)?
14
Suppose t - 3 = 3*u, -32 = -4*t + 4*u - 20. Suppose 5*y = 3*y, -5*m = -t*y - 280. Calculate the remainder when 447 is divided by m.
55
Let n = -99 - -223. Let o = n - 123. Calculate the remainder when 37 is divided by ((-4)/48*-20)/(o/6).
7
Suppose 10*m = -11 + 51. Let r(c) be the second derivative of -c**4/12 + 3*c**3/2 - 5*c**2 + c. Calculate the remainder when r(7) is divided by m.
0
Suppose -296*s + 302*s - 11064 = 0. What is the remainder when s is divided by 229?
12
Let p be (-166)/8 - 2/8. What is the remainder when 112 is divided by 23 - 12*(-7)/p?
17
Suppose -3*u + 3*g + 960 = 0, -5*u + 3*u - g = -622. What is the remainder when u is divided by 294?
20
Let v(n) = -23*n**3 - 57*n**2 - 34*n + 12. What is the remainder when v(-6) is divided by 13?
12
Suppose -612 = 6*k - 2226. Calculate the remainder when k is divided by 69.
62
Let z(t) = t**3 - 32*t**2 + 21*t + 324. What is the remainder when 121 is divided by z(31)?
9
Let r = -16 - -51. Let y = -37 + r. Calculate the remainder when 87 is divided by 23 - (-1 - (y + 0)).
21
Suppose -8*v + 2465 - 169 = 0. Calculate the remainder when v is divided by -4*(11 - (-612)/(-24)).
55
Calculate the remainder when 1/(1/(-7)*(6 - (-4938)/(-822))) is divided by 23.
16
Let a(m) = -m**3 + 4*m**2 + 5*m. Let n be a(5). Let v(p) = p**3 + 19*p**2 + 25. Let i be v(-19). Let y = n + i. Calculate the remainder when 95 is divided by y.
20
Let f = 19961 - 19931. Let j be (-1220)/(-18) - (-6)/27. Suppose 2*a = -2*a + j. What is the remainder when f is divided by a?
13
Suppose -1567 + 600 = -82*t + 755. Calculate the remainder when 2581 is divided by t.
19
Suppose -102*a + 65*a + 76294 = 0. Calculate the remainder when a is divided by 12.
10
Suppose -2*l + 1641 = 7*g, -52*g - 3*l = -54*g + 476. What is the remainder when 866 is divided by g?
161
Let q = -240 - -244. Suppose -28 - 132 = -q*h. Calculate the remainder when 120 is divided by h.
0
Let n(v) = 106*v**2 + 32*v + 19. Calculate the remainder when n(-3) is divided by 14.
9
Let u(s) = 7*s**2 + 1. Let d be u(-1). Suppose 2 - d = -c. Suppose -2*k - 3*x + 35 = 0, -4*k + 4*x - 16 = -56. What is the remainder when k is divided by c?
1
Let g(p) = -p**3 - 4*p**2 + 123*p + 874. Calculate the remainder when 3354 is divided by g(-7).
154
Suppose -4*y + 0*y + 26 = 2*n, -4*y + 20 = -4*n. Let s(d) = d**3 + 20*d**2 - 24*d - 19. Let v = -36 - -15. Calculate the remainder when s(v) is divided by y.
2
Let w(r) = 9*r - 9. Let m be w(6). Suppose -5*k + m = -0*k. Let u = 56694 - 56687. What is the remainder when k is divided by u?
2
Suppose 6*y = 5*y + 2*d + 407, y - d - 407 = 0. What is the remainder when y is divided by 46?
39
Let y(v) = -44*v - 16. Suppose 230 = -52*q + 1114. What is the remainder when y(-3) is divided by q?
14
Suppose 2*k + 1808 - 1934 = 0. Let s(w) = w + 4*w + 3 - 7. What is the remainder when k is divided by s(4)?
15
Let a = -4 + 23. Let h = -131 - 142. Let s = -202 - h. Calculate the remainder when s is divided by a.
14
Suppose -4*g + 2*h + 24 + 32 = 0, -2*h - 28 = -2*g. Suppose 0 = 3*c - 6, -8 = -5*r + 4*c + g. What is the remainder when 11 is divided by r?
5
Let d = -159 + 167. Suppose 0 = -g + 5, 11*j - d*j + g - 65 = 0. W